{"id":1429,"date":"2025-06-04T21:12:17","date_gmt":"2025-06-04T19:12:17","guid":{"rendered":"https:\/\/mom-o.hu\/?page_id=1429"},"modified":"2025-12-22T08:22:20","modified_gmt":"2025-12-22T07:22:20","slug":"eredmenyeink-2025","status":"publish","type":"page","link":"https:\/\/mom-o.hu\/?page_id=1429","title":{"rendered":"Eredm\u00e9nyeink 2025"},"content":{"rendered":"<div class=\"gb-container gb-container-19843767\"><\/div>\n\n\n<div class=\"wp-block-uagb-container uagb-block-3663e0d0 alignfull uagb-is-root-container\"><div class=\"uagb-container-inner-blocks-wrap\">\n<div class=\"wp-block-uagb-container uagb-block-7d195970\">\n<div class=\"wp-block-uagb-advanced-heading uagb-block-f864c0e0\"><h2 class=\"uagb-heading-text\">Junior vil\u00e1gbajnoks\u00e1g (JWOC)<br><br><br><br><br><br><\/h2><\/div>\n<\/div>\n\n\n\n<div class=\"wp-block-uagb-container uagb-block-02cbb3dd\">\n<div class=\"wp-block-uagb-info-box uagb-block-2d79c29e uagb-infobox__content-wrap  uagb-infobox-icon-above-title uagb-infobox-image-valign-top\"><div class=\"uagb-ifb-content\"><div class=\"uagb-ifb-title-wrap\"><p class=\"uagb-ifb-title\"><strong>Mikes Janka<\/strong> <img loading=\"lazy\" decoding=\"async\" width=\"10\" height=\"10\" class=\"wp-image-553\" style=\"width: 10px;\" src=\"https:\/\/mom-o.hu\/wp-content\/uploads\/2023\/10\/kisboja.gif\" alt=\"\"> <img loading=\"lazy\" decoding=\"async\" width=\"10\" height=\"10\" class=\"wp-image-553\" style=\"width: 10px;\" src=\"https:\/\/mom-o.hu\/wp-content\/uploads\/2023\/10\/kisboja.gif\" alt=\"\">  <\/p><\/div><p class=\"uagb-ifb-desc\">sprint: 27. hely<br>hossz\u00fat\u00e1v: 6. hely<br>sprintv\u00e1lt\u00f3: 3. hely<\/p><\/div><\/div>\n\n\n\n<div class=\"wp-block-uagb-info-box uagb-block-9e4a066d uagb-infobox__content-wrap  uagb-infobox-icon-above-title uagb-infobox-image-valign-top\"><div class=\"uagb-ifb-content\"><div class=\"uagb-ifb-title-wrap\"><p class=\"uagb-ifb-title\"><strong>Gerzs\u00e9nyi Bodza<\/strong>&nbsp; <img loading=\"lazy\" decoding=\"async\" width=\"10\" height=\"10\" class=\"wp-image-553\" style=\"width: 10px;\" src=\"https:\/\/mom-o.hu\/wp-content\/uploads\/2023\/10\/kisboja.gif\" alt=\"\"><\/p><\/div><p class=\"uagb-ifb-desc\">sprint: 42. hely<br>k\u00f6z\u00e9pt\u00e1v: 54. hely<br>hossz\u00fat\u00e1v: 39. hely<br>sprintv\u00e1lt\u00f3: 19. hely<br>v\u00e1lt\u00f3: 6. hely<\/p><\/div><\/div>\n<\/div>\n<\/div><\/div>\n\n\n\n<div class=\"wp-block-uagb-container uagb-block-397399a8 alignfull uagb-is-root-container\"><div class=\"uagb-container-inner-blocks-wrap\">\n<div class=\"wp-block-uagb-container uagb-block-2e8eb1e1\">\n<div class=\"wp-block-uagb-advanced-heading uagb-block-62e0ee86\"><h2 class=\"uagb-heading-text\">Ifi EB (EYOC)<br><br><\/h2><\/div>\n<\/div>\n\n\n\n<div class=\"wp-block-uagb-container uagb-block-bfcaef68\">\n<div class=\"wp-block-uagb-info-box uagb-block-ddc1170a uagb-infobox__content-wrap  uagb-infobox-icon-above-title uagb-infobox-image-valign-top\"><div class=\"uagb-ifb-content\"><div class=\"uagb-ifb-title-wrap\"><p class=\"uagb-ifb-title\"><strong><strong>Szak\u00e1l-Bir\u00f3 S\u00e1ra<\/strong><\/strong> <img loading=\"lazy\" decoding=\"async\" width=\"20\" height=\"13\" class=\"wp-image-557\" style=\"width: 20px;\" src=\"https:\/\/mom-o.hu\/wp-content\/uploads\/2023\/10\/nagykupaE.gif\" alt=\"\"><\/p><\/div><p class=\"uagb-ifb-desc\">sprint: 19. hely<br>hossz\u00fat\u00e1v: 15. hely<br>v\u00e1lt\u00f3: 2. hely<\/p><\/div><\/div>\n<\/div>\n<\/div><\/div>\n\n\n\n<div class=\"wp-block-uagb-container uagb-block-0ab28608 alignfull uagb-is-root-container\"><div class=\"uagb-container-inner-blocks-wrap\">\n<div class=\"wp-block-uagb-container uagb-block-ca46365d\">\n<div class=\"wp-block-uagb-advanced-heading uagb-block-99cf9b64\"><h2 class=\"uagb-heading-text\">Feln\u0151tt vil\u00e1gbajnoks\u00e1g (WOC)<br><\/h2><\/div>\n<\/div>\n\n\n\n<div class=\"wp-block-uagb-container uagb-block-0c3c9621\">\n<div class=\"wp-block-uagb-info-box uagb-block-744e1d6f uagb-infobox__content-wrap  uagb-infobox-icon-above-title uagb-infobox-image-valign-top\"><div class=\"uagb-ifb-content\"><div class=\"uagb-ifb-title-wrap\"><p class=\"uagb-ifb-title\"><strong>G\u00e1rdonyi Csilla<\/strong><\/p><\/div><p class=\"uagb-ifb-desc\">k\u00f6z\u00e9pt\u00e1v: 31. hely<br>hossz\u00fat\u00e1v: 21. hely<br>v\u00e1lt\u00f3: 13. hely<\/p><\/div><\/div>\n<\/div>\n<\/div><\/div>\n\n\n\n<div class=\"wp-block-uagb-container uagb-block-d8c5d103 alignfull uagb-is-root-container\"><div class=\"uagb-container-inner-blocks-wrap\">\n<div class=\"wp-block-uagb-container uagb-block-20f5677a\">\n<div class=\"wp-block-uagb-advanced-heading uagb-block-3b943d33\"><h2 class=\"uagb-heading-text\">Vil\u00e1gj\u00e1t\u00e9kok<\/h2><\/div>\n<\/div>\n\n\n\n<div class=\"wp-block-uagb-container uagb-block-9b55686f\">\n<div class=\"wp-block-uagb-info-box uagb-block-986f36f8 uagb-infobox__content-wrap  uagb-infobox-icon-above-title uagb-infobox-image-valign-top\"><div class=\"uagb-ifb-content\"><div class=\"uagb-ifb-title-wrap\"><p class=\"uagb-ifb-title\"><strong>G\u00e1rdonyi Csilla<\/strong>&nbsp; <img loading=\"lazy\" decoding=\"async\" width=\"10\" height=\"10\" class=\"wp-image-553\" style=\"width: 10px;\" src=\"https:\/\/mom-o.hu\/wp-content\/uploads\/2023\/10\/kisboja.gif\" alt=\"\"><\/p><\/div><p class=\"uagb-ifb-desc\">sprintv\u00e1lt\u00f3: 4. hely<br><\/p><\/div><\/div>\n<\/div>\n<\/div><\/div>\n\n\n\n<div class=\"wp-block-uagb-container uagb-block-819f5ec0 alignfull uagb-is-root-container\"><div class=\"uagb-container-inner-blocks-wrap\">\n<div class=\"wp-block-uagb-container uagb-block-d66ca9e0\">\n<div class=\"wp-block-uagb-advanced-heading uagb-block-a1d04842\"><h2 class=\"uagb-heading-text\">Feln\u0151tt EB<br><br><br><br><\/h2><\/div>\n<\/div>\n\n\n\n<div class=\"wp-block-uagb-container uagb-block-9923b50f\">\n<div class=\"wp-block-uagb-info-box uagb-block-1cf6ae66 uagb-infobox__content-wrap  uagb-infobox-icon-above-title uagb-infobox-image-valign-top\"><div class=\"uagb-ifb-content\"><div class=\"uagb-ifb-title-wrap\"><p class=\"uagb-ifb-title\"><strong>Czak\u00f3 Bogl\u00e1rka<\/strong>&nbsp; <img loading=\"lazy\" decoding=\"async\" width=\"10\" height=\"10\" class=\"wp-image-553\" style=\"width: 10px;\" src=\"https:\/\/mom-o.hu\/wp-content\/uploads\/2023\/10\/kisboja.gif\" alt=\"\"><\/p><\/div><p class=\"uagb-ifb-desc\">sprintv\u00e1lt\u00f3: 6. hely<br>kies\u00e9ses sprint: 16. hely<br>sprint: 28. hely<br><\/p><\/div><\/div>\n<\/div>\n<\/div><\/div>\n\n\n\n<div class=\"wp-block-uagb-container uagb-block-62814166 alignfull uagb-is-root-container\"><div class=\"uagb-container-inner-blocks-wrap\">\n<div class=\"wp-block-uagb-container uagb-block-4f1c26ba\">\n<div class=\"wp-block-uagb-advanced-heading uagb-block-9fa2d990\"><h2 class=\"uagb-heading-text\">\u00c9jszakai Orsz\u00e1gos Bajnoks\u00e1g \u00e9s Orsz\u00e1gos Egyes\u00fcleti V\u00e1lt\u00f3bajnoks\u00e1g\u00a0<br><br><br><br><br><br><br><br><\/h2><\/div>\n<\/div>\n\n\n\n<div class=\"wp-block-uagb-container uagb-block-a2c7367f\">\n<div class=\"wp-block-uagb-info-box uagb-block-18e3ee24 uagb-infobox__content-wrap  uagb-infobox-icon-above-title uagb-infobox-image-valign-top\"><div class=\"uagb-ifb-content\"><div class=\"uagb-ifb-title-wrap\"><p class=\"uagb-ifb-title\"><img loading=\"lazy\" decoding=\"async\" width=\"20\" height=\"13\" class=\"wp-image-550\" style=\"width: 20px;\" src=\"https:\/\/mom-o.hu\/wp-content\/uploads\/2023\/10\/eremA.gif\" alt=\"\"> <strong>G\u00e1rdonyi Csilla<\/strong> &#8211; 1. hely N21<\/p><\/div><\/div><\/div>\n\n\n\n<div class=\"wp-block-uagb-info-box uagb-block-0c0685d0 uagb-infobox__content-wrap  uagb-infobox-icon-above-title uagb-infobox-image-valign-top\"><div class=\"uagb-ifb-content\"><div class=\"uagb-ifb-title-wrap\"><p class=\"uagb-ifb-title\"><img loading=\"lazy\" decoding=\"async\" width=\"20\" height=\"13\" class=\"wp-image-550\" style=\"width: 20px;\" src=\"https:\/\/mom-o.hu\/wp-content\/uploads\/2023\/10\/eremA.gif\" alt=\"\"> <strong>Gerzs\u00e9nyi Bodza<\/strong> &#8211; 1. hely N20<\/p><\/div><\/div><\/div>\n\n\n\n<div class=\"wp-block-uagb-info-box uagb-block-3034ee09 uagb-infobox__content-wrap  uagb-infobox-icon-above-title uagb-infobox-image-valign-top\"><div class=\"uagb-ifb-content\"><div class=\"uagb-ifb-title-wrap\"><p class=\"uagb-ifb-title\"><img loading=\"lazy\" decoding=\"async\" width=\"20\" height=\"13\" class=\"wp-image-550\" style=\"width: 20px;\" src=\"https:\/\/mom-o.hu\/wp-content\/uploads\/2023\/10\/eremA.gif\" alt=\"\"> <strong>Szak\u00e1l-Bir\u00f3 S\u00e1ra <\/strong>&#8211; 1. hely N16<\/p><\/div><\/div><\/div>\n\n\n\n<div class=\"wp-block-uagb-info-box uagb-block-c1bc1036 uagb-infobox__content-wrap  uagb-infobox-icon-above-title uagb-infobox-image-valign-top\"><div class=\"uagb-ifb-content\"><div class=\"uagb-ifb-title-wrap\"><p class=\"uagb-ifb-title\"><img loading=\"lazy\" decoding=\"async\" width=\"10\" height=\"10\" class=\"wp-image-553\" style=\"width: 10px;\" src=\"https:\/\/mom-o.hu\/wp-content\/uploads\/2023\/10\/kisboja.gif\" alt=\"\"> <strong>Zsebeh\u00e1zy Istv\u00e1n<\/strong>&#8211; 5. hely F21<\/p><\/div><\/div><\/div>\n\n\n\n<div class=\"wp-block-uagb-info-box uagb-block-3ec0113f uagb-infobox__content-wrap  uagb-infobox-icon-above-title uagb-infobox-image-valign-top\"><div class=\"uagb-ifb-content\"><div class=\"uagb-ifb-title-wrap\"><p class=\"uagb-ifb-title\"><img loading=\"lazy\" decoding=\"async\" width=\"10\" height=\"10\" class=\"wp-image-553\" style=\"width: 10px;\" src=\"https:\/\/mom-o.hu\/wp-content\/uploads\/2023\/10\/kisboja.gif\" alt=\"\"> <strong>T\u00f6r\u00f6k Luca, <strong>G\u00e1rdonyi Csil<\/strong>la, Gerzs\u00e9nyi Bodza, Kincses Katalin<\/strong>, <strong>Szak\u00e1l-Bir\u00f3 S\u00e1ra<\/strong> <strong> <\/strong>&#8211; 5.hely N\u0151i<\/p><\/div><\/div><\/div>\n<\/div>\n<\/div><\/div>\n\n\n\n<div class=\"wp-block-uagb-container uagb-block-881d965d alignfull uagb-is-root-container\"><div class=\"uagb-container-inner-blocks-wrap\">\n<div class=\"wp-block-uagb-container uagb-block-671182a2\">\n<div class=\"wp-block-uagb-advanced-heading uagb-block-a815ae31\"><h2 class=\"uagb-heading-text\">Hossz\u00fat\u00e1v\u00fa Orsz\u00e1gos Bajnoks\u00e1g \u00e9s Pontbegy\u0171jt\u0151 Orsz\u00e1gos Csapatbajnoks\u00e1g\u00a0<br><br><br><br><br><br><\/h2><\/div>\n<\/div>\n\n\n\n<div class=\"wp-block-uagb-container uagb-block-9875b642\">\n<div class=\"wp-block-uagb-info-box uagb-block-263b10ad uagb-infobox__content-wrap  uagb-infobox-icon-above-title uagb-infobox-image-valign-top\"><div class=\"uagb-ifb-content\"><div class=\"uagb-ifb-title-wrap\"><p class=\"uagb-ifb-title\"><img loading=\"lazy\" decoding=\"async\" width=\"20\" height=\"13\" class=\"wp-image-550\" style=\"width: 20px;\" src=\"https:\/\/mom-o.hu\/wp-content\/uploads\/2023\/10\/eremA.gif\" alt=\"\"> <strong>G\u00e1rdonyi Csilla<\/strong> &#8211; 1. hely N21<\/p><\/div><\/div><\/div>\n\n\n\n<div class=\"wp-block-uagb-info-box uagb-block-243dc50a uagb-infobox__content-wrap  uagb-infobox-icon-above-title uagb-infobox-image-valign-top\"><div class=\"uagb-ifb-content\"><div class=\"uagb-ifb-title-wrap\"><p class=\"uagb-ifb-title\"><img loading=\"lazy\" decoding=\"async\" width=\"20\" height=\"13\" class=\"wp-image-550\" style=\"width: 20px;\" src=\"https:\/\/mom-o.hu\/wp-content\/uploads\/2023\/10\/eremA.gif\" alt=\"\"> <strong>Gerzs\u00e9nyi Bodza<\/strong> &#8211; 1. hely N20<\/p><\/div><\/div><\/div>\n\n\n\n<div class=\"wp-block-uagb-info-box uagb-block-8861c622 uagb-infobox__content-wrap  uagb-infobox-icon-above-title uagb-infobox-image-valign-top\"><div class=\"uagb-ifb-content\"><div class=\"uagb-ifb-title-wrap\"><p class=\"uagb-ifb-title\"><img loading=\"lazy\" decoding=\"async\" width=\"20\" height=\"13\" class=\"wp-image-550\" style=\"width: 20px;\" src=\"https:\/\/mom-o.hu\/wp-content\/uploads\/2023\/10\/eremA.gif\" alt=\"\"> <strong>Szak\u00e1l-Bir\u00f3 S\u00e1ra <\/strong>&#8211; 1. hely N16<\/p><\/div><\/div><\/div>\n\n\n\n<div class=\"wp-block-uagb-info-box uagb-block-785d93b1 uagb-infobox__content-wrap  uagb-infobox-icon-above-title uagb-infobox-image-valign-top\"><div class=\"uagb-ifb-content\"><div class=\"uagb-ifb-title-wrap\"><p class=\"uagb-ifb-title\"><img loading=\"lazy\" decoding=\"async\" width=\"20\" height=\"13\" class=\"wp-image-554\" style=\"width: 20px;\" src=\"https:\/\/mom-o.hu\/wp-content\/uploads\/2023\/10\/kupaA.gif\" alt=\"\"> <strong><strong>G\u00e1rdonyi Csil<\/strong>la, Gerzs\u00e9nyi Bodza, Mikes Janka <\/strong>&#8211; 1. hely N21<\/p><\/div><\/div><\/div>\n<\/div>\n<\/div><\/div>\n\n\n\n<div class=\"wp-block-uagb-container uagb-block-bbc58821 alignfull uagb-is-root-container\"><div class=\"uagb-container-inner-blocks-wrap\">\n<div class=\"wp-block-uagb-container uagb-block-5e0a6b46\">\n<div class=\"wp-block-uagb-advanced-heading uagb-block-05e9fcda\"><h2 class=\"uagb-heading-text\">R\u00f6vidt\u00e1v\u00fa Orsz\u00e1gos Bajnoks\u00e1g \u00e9s Orsz\u00e1gos R\u00f6vidt\u00e1v\u00fa V\u00e1lt\u00f3bajnoks\u00e1g&nbsp;<br><br><br><br><\/h2><\/div>\n<\/div>\n\n\n\n<div class=\"wp-block-uagb-container uagb-block-ce36ca57\">\n<div class=\"wp-block-uagb-info-box uagb-block-75beafcf uagb-infobox__content-wrap  uagb-infobox-icon-above-title uagb-infobox-image-valign-top\"><div class=\"uagb-ifb-content\"><div class=\"uagb-ifb-title-wrap\"><p class=\"uagb-ifb-title\"><img loading=\"lazy\" decoding=\"async\" width=\"20\" height=\"13\" class=\"wp-image-550\" style=\"width: 20px;\" src=\"https:\/\/mom-o.hu\/wp-content\/uploads\/2023\/10\/eremA.gif\" alt=\"\"> <strong>G\u00e1rdony\u00ed Csilla<\/strong> &#8211; 1. hely N21<\/p><\/div><\/div><\/div>\n\n\n\n<div class=\"wp-block-uagb-info-box uagb-block-c727b66a uagb-infobox__content-wrap  uagb-infobox-icon-above-title uagb-infobox-image-valign-top\"><div class=\"uagb-ifb-content\"><div class=\"uagb-ifb-title-wrap\"><p class=\"uagb-ifb-title\"><img loading=\"lazy\" decoding=\"async\" width=\"20\" height=\"13\" class=\"wp-image-551\" style=\"width: 20px;\" src=\"https:\/\/mom-o.hu\/wp-content\/uploads\/2023\/10\/eremB.gif\" alt=\"\"> <strong>Gerzs\u00e9nyi Bodza<\/strong> &#8211; 3. hely N20<\/p><\/div><\/div><\/div>\n\n\n\n<div class=\"wp-block-uagb-info-box uagb-block-3f062dd3 uagb-infobox__content-wrap  uagb-infobox-icon-above-title uagb-infobox-image-valign-top\"><div class=\"uagb-ifb-content\"><div class=\"uagb-ifb-title-wrap\"><p class=\"uagb-ifb-title\"><img loading=\"lazy\" decoding=\"async\" width=\"10\" height=\"10\" class=\"wp-image-553\" style=\"width: 10px;\" src=\"https:\/\/mom-o.hu\/wp-content\/uploads\/2023\/10\/kisboja.gif\" alt=\"\"> <strong>Szak\u00e1l-Bir\u00f3 S\u00e1ra <\/strong>&#8211; 4. hely N16<\/p><\/div><\/div><\/div>\n<\/div>\n<\/div><\/div>\n\n\n\n<div class=\"wp-block-uagb-container uagb-block-8e95eba3 alignfull uagb-is-root-container\"><div class=\"uagb-container-inner-blocks-wrap\">\n<div class=\"wp-block-uagb-container uagb-block-f892d6a0\">\n<div class=\"wp-block-uagb-advanced-heading uagb-block-e2f74989\"><h2 class=\"uagb-heading-text\">K\u00f6z\u00e9pt\u00e1v\u00fa Orsz\u00e1gos Bajnoks\u00e1g<\/h2><\/div>\n<\/div>\n\n\n\n<div class=\"wp-block-uagb-container uagb-block-dc3221b9\">\n<div class=\"wp-block-uagb-info-box uagb-block-ea379a5c uagb-infobox__content-wrap  uagb-infobox-icon-above-title uagb-infobox-image-valign-top\"><div class=\"uagb-ifb-content\"><div class=\"uagb-ifb-title-wrap\"><p class=\"uagb-ifb-title\"><img loading=\"lazy\" decoding=\"async\" width=\"20\" height=\"13\" class=\"wp-image-550\" style=\"width: 20px;\" src=\"https:\/\/mom-o.hu\/wp-content\/uploads\/2023\/10\/eremA.gif\" alt=\"\"> <strong>Szak\u00e1l-Bir\u00f3 S\u00e1ra <\/strong>&#8211; 1. hely N16<\/p><\/div><\/div><\/div>\n\n\n\n<div class=\"wp-block-uagb-info-box uagb-block-0fbac3f8 uagb-infobox__content-wrap  uagb-infobox-icon-above-title uagb-infobox-image-valign-top\"><div class=\"uagb-ifb-content\"><div class=\"uagb-ifb-title-wrap\"><p class=\"uagb-ifb-title\"><img loading=\"lazy\" decoding=\"async\" width=\"20\" height=\"13\" class=\"wp-image-550\" style=\"width: 20px;\" src=\"https:\/\/mom-o.hu\/wp-content\/uploads\/2023\/10\/eremA.gif\" alt=\"\"> <strong>G\u00e1rdonyi Csilla<\/strong> &#8211; 1. hely N21<\/p><\/div><\/div><\/div>\n\n\n\n<div class=\"wp-block-uagb-info-box uagb-block-1dd524f5 uagb-infobox__content-wrap  uagb-infobox-icon-above-title uagb-infobox-image-valign-top\"><div class=\"uagb-ifb-content\"><div class=\"uagb-ifb-title-wrap\"><p class=\"uagb-ifb-title\"><img loading=\"lazy\" decoding=\"async\" width=\"20\" height=\"13\" class=\"wp-image-552\" style=\"width: 20px;\" src=\"https:\/\/mom-o.hu\/wp-content\/uploads\/2023\/10\/eremE.gif\" alt=\"\"> <strong>Gerzs\u00e9nyi Bodza<\/strong> &#8211; 2. hely N20<\/p><\/div><\/div><\/div>\n\n\n\n<div class=\"wp-block-uagb-info-box uagb-block-3faaf864 uagb-infobox__content-wrap  uagb-infobox-icon-above-title uagb-infobox-image-valign-top\"><div class=\"uagb-ifb-content\"><div class=\"uagb-ifb-title-wrap\"><p class=\"uagb-ifb-title\"><img loading=\"lazy\" decoding=\"async\" width=\"10\" height=\"10\" class=\"wp-image-553\" style=\"width: 10px;\" src=\"https:\/\/mom-o.hu\/wp-content\/uploads\/2023\/10\/kisboja.gif\" alt=\"\"> <strong>Mikes Janka<\/strong> &#8211; 4. hely N21<\/p><\/div><\/div><\/div>\n\n\n\n<div class=\"wp-block-uagb-info-box uagb-block-deb3d520 uagb-infobox__content-wrap  uagb-infobox-icon-above-title uagb-infobox-image-valign-top\"><div class=\"uagb-ifb-content\"><div class=\"uagb-ifb-title-wrap\"><p class=\"uagb-ifb-title\"><img loading=\"lazy\" decoding=\"async\" width=\"10\" height=\"10\" class=\"wp-image-553\" style=\"width: 10px;\" src=\"https:\/\/mom-o.hu\/wp-content\/uploads\/2023\/10\/kisboja.gif\" alt=\"\"> <strong>Solt\u00e9sz Abig\u00e9l<\/strong> &#8211; 5. hely N20<\/p><\/div><\/div><\/div>\n<\/div>\n<\/div><\/div>\n\n\n\n<div class=\"wp-block-uagb-container uagb-block-034da1eb alignfull uagb-is-root-container\"><div class=\"uagb-container-inner-blocks-wrap\">\n<div class=\"wp-block-uagb-container uagb-block-1304f0de\">\n<div class=\"wp-block-uagb-advanced-heading uagb-block-4ecab55a\"><h2 class=\"uagb-heading-text\">Orsz\u00e1gos V\u00e1lt\u00f3 Bajnoks\u00e1g<\/h2><\/div>\n<\/div>\n\n\n\n<div class=\"wp-block-uagb-container uagb-block-25a41b19\">\n<div class=\"wp-block-uagb-info-box uagb-block-aeed37a0 uagb-infobox__content-wrap  uagb-infobox-icon-above-title uagb-infobox-image-valign-top\"><div class=\"uagb-ifb-content\"><div class=\"uagb-ifb-title-wrap\"><p class=\"uagb-ifb-title\"><img loading=\"lazy\" decoding=\"async\" width=\"20\" height=\"13\" class=\"wp-image-554\" style=\"width: 20px;\" src=\"https:\/\/mom-o.hu\/wp-content\/uploads\/2023\/10\/kupaA.gif\" alt=\"\"> <strong>Gerzs\u00e9nyi Bodza, Mikes Janka, G\u00e1rdonyi Csilla<\/strong> &#8211; 1. hely N21<\/p><\/div><\/div><\/div>\n\n\n\n<div class=\"wp-block-uagb-info-box uagb-block-1e50595c uagb-infobox__content-wrap  uagb-infobox-icon-above-title uagb-infobox-image-valign-top\"><div class=\"uagb-ifb-content\"><div class=\"uagb-ifb-title-wrap\"><p class=\"uagb-ifb-title\"> <img loading=\"lazy\" decoding=\"async\" width=\"20\" height=\"13\" class=\"wp-image-555\" style=\"width: 20px;\" src=\"https:\/\/mom-o.hu\/wp-content\/uploads\/2023\/10\/kupaB.gif\" alt=\"\"><strong>Solt\u00e9sz Abig\u00e9l, Kincses Katalin, <strong>Szak\u00e1l-Bir\u00f3 S\u00e1ra<\/strong> <\/strong>&#8211; 3. hely N20<\/p><\/div><\/div><\/div>\n<\/div>\n<\/div><\/div>\n\n\n\n<div class=\"wp-block-uagb-container uagb-block-e83450b7 alignfull uagb-is-root-container\"><div class=\"uagb-container-inner-blocks-wrap\">\n<div class=\"wp-block-uagb-container uagb-block-416baec2\">\n<div class=\"wp-block-uagb-advanced-heading uagb-block-932fee5c\"><h2 class=\"uagb-heading-text\">Orsz\u00e1gos<br>Csapatbajnoks\u00e1g<\/h2><\/div>\n<\/div>\n\n\n\n<div class=\"wp-block-uagb-container uagb-block-96e0dccb\">\n<div class=\"wp-block-uagb-info-box uagb-block-aaef3257 uagb-infobox__content-wrap  uagb-infobox-icon-above-title uagb-infobox-image-valign-top\"><div class=\"uagb-ifb-content\"><div class=\"uagb-ifb-title-wrap\"><p class=\"uagb-ifb-title\"><img loading=\"lazy\" decoding=\"async\" width=\"10\" height=\"10\" class=\"wp-image-553\" style=\"width: 10px;\" src=\"https:\/\/mom-o.hu\/wp-content\/uploads\/2023\/10\/kisboja.gif\" alt=\"\"> <strong><strong>Solt\u00e9sz Abig\u00e9l<\/strong><\/strong>, <strong><strong>Szak\u00e1l-Bir\u00f3 S\u00e1ra<\/strong>, S\u00e1rk\u00f6zy Rita<\/strong> &#8211; 4. hely N21<\/p><\/div><\/div><\/div>\n<\/div>\n<\/div><\/div>\n","protected":false},"excerpt":{"rendered":"<p>Junior vil\u00e1gbajnoks\u00e1g (JWOC) Ifi EB (EYOC) Feln\u0151tt vil\u00e1gbajnoks\u00e1g (WOC) Vil\u00e1gj\u00e1t\u00e9kok Feln\u0151tt EB \u00c9jszakai Orsz\u00e1gos Bajnoks\u00e1g \u00e9s Orsz\u00e1gos Egyes\u00fcleti V\u00e1lt\u00f3bajnoks\u00e1g\u00a0 Hossz\u00fat\u00e1v\u00fa Orsz\u00e1gos Bajnoks\u00e1g \u00e9s Pontbegy\u0171jt\u0151 Orsz\u00e1gos Csapatbajnoks\u00e1g\u00a0 R\u00f6vidt\u00e1v\u00fa Orsz\u00e1gos Bajnoks\u00e1g \u00e9s Orsz\u00e1gos R\u00f6vidt\u00e1v\u00fa V\u00e1lt\u00f3bajnoks\u00e1g&nbsp; K\u00f6z\u00e9pt\u00e1v\u00fa Orsz\u00e1gos Bajnoks\u00e1g Orsz\u00e1gos V\u00e1lt\u00f3 Bajnoks\u00e1g Orsz\u00e1gosCsapatbajnoks\u00e1g<\/p>\n","protected":false},"author":1,"featured_media":0,"parent":127,"menu_order":0,"comment_status":"closed","ping_status":"closed","template":"","meta":{"_crdt_document":"","_uag_custom_page_level_css":"","site-sidebar-layout":"default","site-content-layout":"","ast-site-content-layout":"default","site-content-style":"default","site-sidebar-style":"default","ast-global-header-display":"","ast-banner-title-visibility":"","ast-main-header-display":"","ast-hfb-above-header-display":"","ast-hfb-below-header-display":"","ast-hfb-mobile-header-display":"","site-post-title":"","ast-breadcrumbs-content":"","ast-featured-img":"","footer-sml-layout":"","theme-transparent-header-meta":"","adv-header-id-meta":"","stick-header-meta":"","header-above-stick-meta":"","header-main-stick-meta":"","header-below-stick-meta":"","astra-migrate-meta-layouts":"default","ast-page-background-enabled":"default","ast-page-background-meta":{"desktop":{"background-color":"var(--ast-global-color-4)","background-image":"","background-repeat":"repeat","background-position":"center center","background-size":"auto","background-attachment":"scroll","background-type":"","background-media":"","overlay-type":"","overlay-color":"","overlay-opacity":"","overlay-gradient":""},"tablet":{"background-color":"","background-image":"","background-repeat":"repeat","background-position":"center center","background-size":"auto","background-attachment":"scroll","background-type":"","background-media":"","overlay-type":"","overlay-color":"","overlay-opacity":"","overlay-gradient":""},"mobile":{"background-color":"","background-image":"","background-repeat":"repeat","background-position":"center center","background-size":"auto","background-attachment":"scroll","background-type":"","background-media":"","overlay-type":"","overlay-color":"","overlay-opacity":"","overlay-gradient":""}},"ast-content-background-meta":{"desktop":{"background-color":"var(--ast-global-color-5)","background-image":"","background-repeat":"repeat","background-position":"center center","background-size":"auto","background-attachment":"scroll","background-type":"","background-media":"","overlay-type":"","overlay-color":"","overlay-opacity":"","overlay-gradient":""},"tablet":{"background-color":"var(--ast-global-color-5)","background-image":"","background-repeat":"repeat","background-position":"center center","background-size":"auto","background-attachment":"scroll","background-type":"","background-media":"","overlay-type":"","overlay-color":"","overlay-opacity":"","overlay-gradient":""},"mobile":{"background-color":"var(--ast-global-color-5)","background-image":"","background-repeat":"repeat","background-position":"center center","background-size":"auto","background-attachment":"scroll","background-type":"","background-media":"","overlay-type":"","overlay-color":"","overlay-opacity":"","overlay-gradient":""}},"footnotes":""},"class_list":["post-1429","page","type-page","status-publish","hentry"],"uagb_featured_image_src":{"full":false,"thumbnail":false,"medium":false,"medium_large":false,"large":false,"1536x1536":false,"2048x2048":false},"uagb_author_info":{"display_name":"hellomarci","author_link":"https:\/\/mom-o.hu\/?author=1"},"uagb_comment_info":0,"uagb_excerpt":"Junior vil\u00e1gbajnoks\u00e1g (JWOC) Ifi EB (EYOC) Feln\u0151tt vil\u00e1gbajnoks\u00e1g (WOC) Vil\u00e1gj\u00e1t\u00e9kok Feln\u0151tt EB \u00c9jszakai Orsz\u00e1gos Bajnoks\u00e1g \u00e9s Orsz\u00e1gos Egyes\u00fcleti V\u00e1lt\u00f3bajnoks\u00e1g\u00a0 Hossz\u00fat\u00e1v\u00fa Orsz\u00e1gos Bajnoks\u00e1g \u00e9s Pontbegy\u0171jt\u0151 Orsz\u00e1gos Csapatbajnoks\u00e1g\u00a0 R\u00f6vidt\u00e1v\u00fa Orsz\u00e1gos Bajnoks\u00e1g \u00e9s Orsz\u00e1gos R\u00f6vidt\u00e1v\u00fa V\u00e1lt\u00f3bajnoks\u00e1g&nbsp; K\u00f6z\u00e9pt\u00e1v\u00fa Orsz\u00e1gos Bajnoks\u00e1g Orsz\u00e1gos V\u00e1lt\u00f3 Bajnoks\u00e1g Orsz\u00e1gosCsapatbajnoks\u00e1g","_links":{"self":[{"href":"https:\/\/mom-o.hu\/index.php?rest_route=\/wp\/v2\/pages\/1429","targetHints":{"allow":["GET"]}}],"collection":[{"href":"https:\/\/mom-o.hu\/index.php?rest_route=\/wp\/v2\/pages"}],"about":[{"href":"https:\/\/mom-o.hu\/index.php?rest_route=\/wp\/v2\/types\/page"}],"author":[{"embeddable":true,"href":"https:\/\/mom-o.hu\/index.php?rest_route=\/wp\/v2\/users\/1"}],"replies":[{"embeddable":true,"href":"https:\/\/mom-o.hu\/index.php?rest_route=%2Fwp%2Fv2%2Fcomments&post=1429"}],"version-history":[{"count":10,"href":"https:\/\/mom-o.hu\/index.php?rest_route=\/wp\/v2\/pages\/1429\/revisions"}],"predecessor-version":[{"id":1533,"href":"https:\/\/mom-o.hu\/index.php?rest_route=\/wp\/v2\/pages\/1429\/revisions\/1533"}],"up":[{"embeddable":true,"href":"https:\/\/mom-o.hu\/index.php?rest_route=\/wp\/v2\/pages\/127"}],"wp:attachment":[{"href":"https:\/\/mom-o.hu\/index.php?rest_route=%2Fwp%2Fv2%2Fmedia&parent=1429"}],"curies":[{"name":"wp","href":"https:\/\/api.w.org\/{rel}","templated":true}]}}